t of ((-81)/(-48))/(r/(-16))*x?
5
Suppose -18*u + 13 = 2*s - 23*u, s - 3 = -u. Let m(w) = 1 - 3 + 2*w + 6. What is the units digit of m(s)?
2
Suppose -40 = -6*q + 200. Let c = 46 - q. Suppose 0 = -c*b + 9*b - 276. What is the tens digit of b?
9
Let w = 1019 + -885. What is the hundreds digit of w?
1
Let a = 2079 + -1016. Suppose -13*v + 861 + a = 0. What is the hundreds digit of v?
1
Suppose 0 = -5*o + 3*w + 16348 + 22187, 0 = -o - 5*w + 7707. What is the hundreds digit of o?
7
Let y(p) = p**3 - 13*p**2 + 15*p + 38. Let s be y(15). Let u = s + -364. What is the tens digit of u?
4
Let q = -2382 + 7183. What is the hundreds digit of q?
8
Suppose 0 = 81*g - 127145 - 61018. What is the units digit of g?
3
What is the hundreds digit of (-8802793)/(-923) + (-7)/(273/6)?
5
Suppose 0 = 10146*s - 10136*s - 58510. What is the tens digit of s?
5
Suppose -16*t - 91828 = -60*t + 82764. What is the units digit of t?
8
Let z(u) = 4*u + 9. Let y be z(4). Suppose -12*t + 7*t = -y. Suppose 0 = 4*x - 2*k - 92, -t*k = -5*x + x + 86. What is the units digit of x?
4
Suppose 2*s + 19 = 3*c, 23 = -3*s + 17. Let w(d) = 19 + d - 7 + 4. What is the units digit of w(c)?
1
Let j = 3134 - 726. Let v = j - 1564. What is the units digit of v?
4
Suppose -3*k = -b - 340 - 522, 4*b + 2*k + 3490 = 0. Let c = -146 - b. What is the units digit of c?
5
Let p(o) = 17033*o**2 - 125*o + 123. What is the thousands digit of p(1)?
7
Let a(c) be the first derivative of -c**4/4 - c**3 + 9*c**2/2 - 10*c - 20. What is the hundreds digit of a(-7)?
1
What is the thousands digit of (-4 - -2)/((4 - 15851/3962)/3)?
7
Suppose -d - 21*d + 132 = 0. What is the units digit of 141804/114 + -4 - d/(-57)?
0
What is the tens digit of (-1)/(-5*2) + 9857673/1470?
0
Let q = -49 - -65. Suppose -22 = -5*u + q*u. What is the hundreds digit of (-1 - -3)/u*(3 - 116)?
1
Let k(f) = f**3 - 9*f**2 + 7*f + 8. Let j be k(8). Suppose -8*s + 9*s - 2 = j. What is the units digit of (4 - s - 2) + 58?
8
Let s(k) = 2*k**3 + 8*k**2 - 22*k + 12. Let o be s(-6). Suppose o = 24*r - 50*r + 42250. What is the units digit of r?
5
Let m be (-2)/7 - (-5885)/385. Let s(q) = 9*q**3. Let g be s(2). What is the units digit of (-20)/(-6)*g/m*1?
6
Let i(k) = k**2 + 17*k + 11318. What is the thousands digit of i(0)?
1
Let k = 3830 + -1942. What is the thousands digit of k?
1
Suppose 2117756 + 6280489 = 155*w + 1307150. What is the ten thousands digit of w?
4
Suppose r = 292 + 427. Suppose 4*n + 4*c + 1740 = 0, 3*c = -5*n - r - 1446. What is the units digit of (-4 + 2)/(20/n)?
3
What is the units digit of 566205/24 - (-34)/272?
2
Let z be (36/1)/(-6) + 10. What is the units digit of 0*(-1 + z/3) - -857?
7
Let f(u) = 330*u**2 - 3*u + 4. Suppose 3*n - 2*n - 1 = 0. What is the hundreds digit of f(n)?
3
Let m be 3/(-2)*56/(-6) + 1. Suppose -7*g = -3*g - 2*z - 36, -m = -g + 2*z. What is the units digit of g?
7
Suppose 0 = 2*a - 2 - 2. Suppose -124*r + 8640 = -94*r. Suppose a*h - 226 = -4*v, -3*v + 3*h + r = 2*v. What is the tens digit of v?
5
Let y(a) = -29 + 89*a - 55 + 172 - 63. What is the tens digit of y(6)?
5
Let v(k) = 2*k**2 + 15*k - 14. Let j be v(9). Let u = j + -126. What is the units digit of u?
7
Let o = 291 + -50. Suppose n = -3*n - m + 909, -n = 3*m - o. What is the tens digit of n?
2
Let c be (-4)/(-14) + 38/14. Suppose c*t = 3*j - 2838, 3*t - 1808 = -2*j + 89. What is the tens digit of j?
4
Suppose -9*t - 5*y = -4*t - 157800, -2*t - y = -63117. What is the hundreds digit of t?
5
Let t(f) = -f**2 + f - 29. Let k be t(0). Let x = 29 + k. What is the tens digit of x/(-1) - (-67)/1?
6
Let i be 108/(-36)*1*-1. Suppose i*l - 4*t - 373 = -38, -l - 4*t = -117. What is the hundreds digit of l?
1
Suppose 4*c - 5624 = -2*z, 2*c + 2820 = -9*z + 10*z. What is the units digit of z?
6
Let b = 7279 - -1187. What is the tens digit of b?
6
Let p(t) = -5*t**2 - 631*t - 14. What is the tens digit of p(-10)?
9
Let l(g) = -g**3 + 10*g**2 + 2*g - 20. Suppose -27*i - 27 = -30*i. Let o be l(i). Suppose -2*v - m + o = 0, 71 = 3*v - 2*m - 37. What is the tens digit of v?
3
Let l = 21743 + -4898. Suppose -12*o = -l + 801. What is the units digit of o?
7
Suppose a - 4*s = 26916, 2*a - 41962 = 4*s + 11850. What is the thousands digit of a?
6
Let q be (-2)/(-6) - (-13885)/15 - -4. Suppose -1437 - q = -4*r + 3*h, -h - 2945 = -5*r. What is the hundreds digit of r?
5
Let g be (264/55)/(1/(-10)). What is the tens digit of (g/(-28))/(-4) + 7600/28?
7
Let t = -38 + 34. Let f(g) = -g**2 - 13*g - 13. What is the tens digit of f(t)?
2
Let u(v) = 57*v - 104. Let x be u(16). What is the tens digit of (75/(-30))/((-2)/x)?
1
Let k(t) = t + 20. Let y be k(-18). Suppose 5*a - 5*h = y*a + 28, h + 5 = 0. What is the tens digit of 164/(-12)*a/((-2)/18)?
2
Let w(u) = 5*u**2 + 8*u - 27. Let l be w(-8). Let k = 1333 - l. What is the tens digit of k?
0
Let z(a) = 17*a + 22. Let h(l) be the second derivative of l**4/12 + l**3 - 49*l**2/2 + 4*l. Let f be h(-11). What is the hundreds digit of z(f)?
1
Let o(i) = 1244*i - 532. What is the units digit of o(13)?
0
Let j be (924/165)/((-2)/(-575)). Suppose -21*u = -7*u - j. What is the hundreds digit of u?
1
Suppose 5*b - 22 = -7. Suppose -3*p - 3*r = 10 - 97, b*p - 3*r = 63. Suppose -4*q = -v + 70 - p, 0 = 2*v + 5*q - 129. What is the tens digit of v?
5
Let t(w) = 7*w**2 + 473*w - 65. What is the thousands digit of t(-71)?
1
Suppose 3*h + a - 41397 = -1885, 52678 = 4*h - a. What is the units digit of h?
0
Let i(n) = -n**2 + 4*n + 75. Let s be i(10). What is the units digit of 10/75 - (-2518)/s?
8
Suppose r = 3*i - 4*i + 9721, i = 1. Suppose 25*k - 10*k = r. What is the units digit of k?
8
What is the ten thousands digit of 12/(-45) - (-37058554)/1590?
2
Let p(h) = h**3 - 18*h**2 - 29*h + 978. What is the tens digit of p(28)?
0
Let x(w) = 4*w**2 + 13*w + 10. Let z be x(-3). Suppose 4*o - k = 1894, -2*o + z*k - 3*k + 954 = 0. What is the hundreds digit of o?
4
Let c = 557 + -549. What is the units digit of 1266*4/c + -5?
8
What is the units digit of (-23)/((-2346)/528780) - (-4)/(-34)?
4
Let u be (670/(-30) + -1)/((-1)/(-3)). What is the tens digit of -25*21/u*(-376)/(-6)?
7
Let i = -250 - -254. What is the tens digit of 2/(-24)*i - (-1184)/6?
9
What is the units digit of (16820/(-19 + -10))/((4/(-33))/2)?
0
Suppose -3*m + 15636 + 42759 = -23022. What is the hundreds digit of m?
1
Suppose r - 899 = -4*c, 0 = 2*r + 3*c + 41 - 1809. What is the hundreds digit of r?
8
Let a be 24/84 - 11722/14. Let c = a + 1450. What is the units digit of c?
3
Let w(x) = 19*x + 3*x - 12*x + 27*x - 74. What is the tens digit of w(12)?
7
Suppose n - 5*n + 4302 = -2*l, 5*l = 2*n - 2147. Suppose 0 = 2*b - 4*b - 5*h + n, -h = -4. What is the hundreds digit of b?
5
Suppose -81125 = -5*r - 8*g, 24326 = -3*r + 3*g + 73040. What is the hundreds digit of r?
2
Suppose -2*a = 3*j + 219, 3*a - 6*a - 326 = 5*j. Let c = 206 + a. Suppose -1 - 4 = h, 4*q = -3*h + c. What is the units digit of q?
6
Let d = 45757 + -8319. What is the thousands digit of d?
7
Let r(g) be the first derivative of g**3/3 - g**2 - 10*g + 16. Let l be r(5). Suppose i - j - 486 = -3*i, l*i - 5*j = 600. What is the units digit of i?
2
Suppose 122196 = 98*s - 86*s. What is the units digit of s?
3
Let a be (75528/(-7))/(-6) + 6/(-21). Let d = a - 1054. What is the hundreds digit of d?
7
Let g = 21 + -27. Let m be 16/g*3/(-4). Suppose 0 = k + m*k - 3*l - 45, -5*k + 75 = 4*l. What is the tens digit of k?
1
Suppose -3*n = 2*k - 55, 0 = -k - 4*n + 2*n + 30. Let d = 82 - k. What is the units digit of d?
2
Let z be (-6)/21 + 5/(-7). Let o(h) be the third derivative of 47*h**5/30 + h**4/24 - h**3/6 + 2*h**2 + 76. What is the tens digit of o(z)?
9
What is the thousands digit of 1/((-2)/(-10)) + (-54 - -8829)?
8
Suppose -1273*d + 1271*d = -3*i - 31383, -d + 15684 = -4*i. What is the thousands digit of d?
5
What is the hundreds digit of (-98882)/98*(-3 + 2)?
0
Suppose -2*b = -4*i - 23308, 34970 = 7*b - 4*b + 2*i. What is the thousands digit of b?
1
What is the units digit of ((-10)/(-7))/((-40)/(-70))*32780/50?
9
Let n(i) = -11*i + 4. Let d(a) = 10*a - 5. Let w(f) = 4*d(f) + 3*n(f). Let k be w(3). Suppose -243 = -k*m + 10*m. What is the units digit of m?
1
Suppose -10*i = -14*i - 16, -3*r = 5*i - 466. What is t